actors of d.
11
Let m = 8 - 13. Let j be (4/(-8) + -1)*36. Let n = m - j. What are the prime factors of n?
7
Suppose 4*i - 43 = -5*m, 0*i - 4*m - 2 = -2*i. Let v(j) = -j**2 + 8*j - 8. Let y be v(i). List the prime factors of 0 + y + (45 - 2).
2, 3, 7
Let s = -7 + 7. Let c = s + 3. What are the prime factors of (-1)/c - 280/(-12)?
23
Suppose 5*y - y - 3*r - 4449 = 0, -4*y - 5*r + 4425 = 0. What are the prime factors of y?
2, 3, 5, 37
Let k = 143 + -38. What are the prime factors of k?
3, 5, 7
Let i = 43 - 7. Suppose -3*g + 162 + i = 0. What are the prime factors of g?
2, 3, 11
Let q = -57 + 54. List the prime factors of 77 + -4 + (-3 - q).
73
Suppose 0 = -92*r + 94*r - 384. What are the prime factors of r?
2, 3
Suppose 0 = -4*s + t - 286, 4*t + 1 + 7 = 0. What are the prime factors of 16/s - 4569/(-27)?
13
Let c(r) = r**3 - r**2 + 22*r + 2288. What are the prime factors of c(0)?
2, 11, 13
Let f(a) = 2*a**2 + 20*a + 42. Let h(p) = 2*p**2 + 18*p + 5. Let r be h(-8). What are the prime factors of f(r)?
2
Suppose 12 = 3*r, 4*v - 5*r - 72 = -2*r. Let b be (-939)/v + 2/(-7). Let q = 85 + b. What are the prime factors of q?
2, 5
Let y = -3078 - -5361. List the prime factors of y.
3, 761
Let n be ((-7256)/(-12))/(((-10)/(-6))/(-5)). What are the prime factors of n/(-18) - 2/18*-2?
101
Let d = -220 + 130. Let n = 207 + d. List the prime factors of n.
3, 13
Suppose -3*w + 5*p = -w - 148, 3*p = -w + 96. Suppose 32*x - 34*x - 5*f + 18 = 0, 0 = 3*f + 12. Let b = w - x. What are the prime factors of b?
5, 13
Let t(x) = x**3 - 2*x**2 + 3*x - 4. Let o be t(-4). Let v(l) = 185*l - 27. Let w be v(1). Let h = o + w. What are the prime factors of h?
2, 23
Let z(p) be the first derivative of p**4/4 - 4*p**3/3 + 3*p**2 + 7*p - 8. List the prime factors of z(5).
2, 31
Let u = -30 + -16. What are the prime factors of (u/(-4))/(1/6)?
3, 23
Suppose 4*v - 23 = -5*z, 0*v + 3 = -z + 3*v. Suppose -f + j + 15 = -2*j, 12 = -z*j. What are the prime factors of f?
3
Suppose 2*n - 185 = -3*n. List the prime factors of n.
37
Let d be 16/56 + 114/(-7). Let v = d - -36. What are the prime factors of v?
2, 5
Let v(u) = 175*u**2 + 19*u - 54. What are the prime factors of v(3)?
2, 3, 263
What are the prime factors of 3 + (8 - 15) + 2394 + -1?
2389
Suppose -4*w = -5*c - 89, 0*w - 28 = -3*w - 4*c. Suppose a - w = 6. Suppose -4*y + 146 = a. List the prime factors of y.
31
Let w(i) = i**2 - 6*i - 5. Let c(p) = 2*p**2 - 13*p - 11. Let n(f) = -2*c(f) + 5*w(f). Let j be n(4). What are the prime factors of -3*(-8)/(-1 - j)?
2, 3
Suppose t = 6*t. Let s = -33 - -31. What are the prime factors of (-2 + t)*5/s?
5
Suppose 7*v - 15 = 4*v. Suppose 2*i + 13 = -v*y, 0 = 5*i + 2*y + y - 15. Suppose 5*c - i*c = -18. What are the prime factors of c?
2, 3
Suppose 6*o - 20 = 5392. Suppose -9*w = 2*w - o. What are the prime factors of w?
2, 41
Let h(i) = 69*i**2 + i. Let v(b) = b**2 - 17*b + 50. Let t be v(13). List the prime factors of h(t).
2, 137
Suppose -68 = -4*k + 4*o, 2*o + o = -5*k + 125. Suppose k*n - 18*n - 288 = 0. List the prime factors of n.
2, 3
Suppose -8*q + 5497 + 15023 = 0. List the prime factors of q.
3, 5, 19
Let m be (6/7)/((-2)/(-14)). Suppose 247 = m*n - 395. List the prime factors of n.
107
Let l(a) be the first derivative of -2*a**2 - 20*a + 4. Let o(x) = -x - 4. Let k(b) = -3*l(b) + 14*o(b). List the prime factors of k(-5).
2, 7
Let f(i) = -12*i + 3. Let o be f(1). What are the prime factors of (-2)/o - (-1292)/18?
2, 3
Suppose c + 2*c - 2538 = 0. Let r = c + -528. What are the prime factors of r?
2, 3, 53
Let f = 29 + -27. Suppose f*p - 4*p = -q + 145, -5*p = -2*q + 295. What are the prime factors of q?
3, 5
Suppose 4573 - 1081 = 3*v. Suppose 4*b = 4*f + v, -2*b + 584 = -f - 3*f. List the prime factors of b.
2, 5, 29
Suppose -1619 = -v - 3*v + 5*f, -v + f = -405. Let q = 710 - v. List the prime factors of q.
2, 19
Let q = 56 + -54. Suppose -5*p - 5 - 191 = -q*k, 4*p = -3*k + 340. List the prime factors of k.
2, 3
Suppose 14*b = -w + 17*b + 2476, 9911 = 4*w - 5*b. List the prime factors of w.
37, 67
Let q = -28 - -48. Suppose d = 2*d + q. List the prime factors of ((-12)/(-10))/((-6)/d).
2
Suppose 35 = 26*w - 43. Suppose -5*h - 5*u = -30, -3*u + 4*u = -2*h + 9. Suppose 0 = 5*a + h*n - 311, a + 2*a + w*n - 183 = 0. What are the prime factors of a?
2
Suppose 4*u = -0*u + 3924. List the prime factors of u.
3, 109
List the prime factors of 51580/26 - (-134)/871.
2, 31
Let w = 634 - 386. Suppose 0 = -3*a + 2*c + 203, -3*c + w = 3*a + a. What are the prime factors of a?
5, 13
Let l be (-5)/(25/(-6))*-5. Let p(d) be the first derivative of -3*d**2 + 8*d - 114. What are the prime factors of p(l)?
2, 11
Let d(m) = m**3 - 9*m**2 - 24*m + 18. List the prime factors of d(14).
2, 331
Let v(p) = 199*p - 16. List the prime factors of v(12).
2, 593
Let l(z) = -z**3 - 11*z**2 - 63*z - 45. What are the prime factors of l(-10)?
5, 97
Suppose 5*w - a - 2045 = 1898, -3*w = a - 2369. List the prime factors of w.
3, 263
Let z(o) = -245*o + 1006. List the prime factors of z(-18).
2, 677
Suppose 3*s - 3*j - 18 = 27, 4*s + 2*j = 54. Let q = s - -32. List the prime factors of q.
2, 23
Let l = 205 + -204. Suppose -3*g + 6 = -3*m, -4*g - 2*m + 8 = m. Suppose 13 + l = g*b. List the prime factors of b.
7
Suppose 3*p - 11 = -17. Let f = 7 - -5. Let t = f + p. List the prime factors of t.
2, 5
Suppose f = 3 - 1. Suppose -5*i + 4*r = 10, 7*r - 10*r = -2*i - 11. Suppose 24 + 33 = f*t - j, 0 = i*t - 4*j - 66. List the prime factors of t.
3
Let t = -6 + -52. Let a = t - -16. What are the prime factors of (a/10)/((-6)/30)?
3, 7
Suppose -6*o - 4*y = -5*o - 508, -4*y - 1540 = -3*o. What are the prime factors of o?
2
Suppose -2*s + 132 = -5*s. Let r = 31 + -55. What are the prime factors of r/8 - s/1?
41
Let r = -15 + 18. Suppose -168 = -r*c - 18. List the prime factors of c.
2, 5
Let s(g) = -7*g - 1. Let t be s(-1). Let n(z) = -z - 8. Let x(j) = 2*j + 17. Let y(d) = -9*n(d) - 4*x(d). List the prime factors of y(t).
2, 5
Suppose 423 = -4*n + 1183. Let w = n + -107. List the prime factors of w.
83
Suppose 14*l - 6890 - 824 = 0. What are the prime factors of l?
19, 29
Let z = -28 - -79. Let i = z + 21. List the prime factors of i.
2, 3
Let p(v) = -v - 12. Let h be p(-17). Suppose -4*y = z - 44, h*y - 132 = -3*z - 0*z. What are the prime factors of z?
2, 11
Let r = -17 - -25. Suppose 6*d + 6 = r*d. Let y(i) = 2*i**2 + 2*i. What are the prime factors of y(d)?
2, 3
Let z(i) = i**2 - 4*i - 9. Let g be z(6). Let k = g - -3. What are the prime factors of 18 + k/3 + 3?
23
Let x(a) be the second derivative of 1/6*a**3 - 3/2*a**2 + 0 - a. What are the prime factors of x(7)?
2
Suppose 365 = 3*g + t - 545, -2 = -2*t. List the prime factors of g.
3, 101
Suppose 105 = 3*n - 195. List the prime factors of n.
2, 5
Suppose -1738 = -3*h - 5*o, -h = o - 511 - 67. List the prime factors of h.
2, 3
Let c(n) = n**2 - 4*n + 3. Let i(h) = 2*h - 2. Let d(y) = -3*c(y) - 5*i(y). Let r(p) be the first derivative of d(p). List the prime factors of r(-2).
2, 7
Let c be (-320)/(-8) - (0 + 1). Let u = 66 - c. What are the prime factors of u?
3
List the prime factors of 5*(57 - 4) - -2.
3, 89
Let o be ((-1386)/(-4))/(-11) - 1/2. Let v = o - -42. What are the prime factors of v?
2, 5
Let v = 570 + 365. Suppose 5*b + 5*j = v, -433 = -3*b - 2*j + 129. What are the prime factors of b?
2, 47
Let o = 8 - 8. Suppose o = 3*d - 4*d. Suppose 5*i + 15 = d, 12 - 52 = -t + i. What are the prime factors of t?
37
Suppose -7*z - 4 = -5*z. Let d be (z/3)/(2/366). Let c = 203 + d. List the prime factors of c.
3
Suppose 12*t - 9*t - 12 = 0. Suppose -319 = -t*d - 107. List the prime factors of d.
53
List the prime factors of -7 - 1424/(-208) - (-36222)/26.
7, 199
Let c be 2/(-12) - (-2 + 14036/24). Let m = -291 - c. List the prime factors of m.
2, 73
Let h(a) = -3*a**3 - 15*a**2 - 7*a + 26. What are the prime factors of h(-12)?
2, 1567
Let q = -326 - -567. List the prime factors of q.
241
Let n = -15 + 19. Suppose -5*y - 4*p = -223, -4*y - n*p - 55 = -235. List the prime factors of y.
43
Suppose -404 = -4*g + 20. List the prime factors of g.
2, 53
Let o(t) = -50*t + 20. Let p be o(-6). Suppose p = 2*f + 6. List the prime factors of f.
157
Let b be -2*(-3)/(-6)*-9. Suppos